{"id":209,"date":"2017-03-31T07:42:26","date_gmt":"2017-03-31T07:42:26","guid":{"rendered":"http:\/\/sielankowydomek.pl\/?page_id=209"},"modified":"2017-12-28T16:28:18","modified_gmt":"2017-12-28T16:28:18","slug":"dojazd","status":"publish","type":"page","link":"https:\/\/sielankowydomek.pl\/?page_id=209","title":{"rendered":"DOJAZD"},"content":{"rendered":"<div id=\"u_2l_d\" class=\"_5aj7 _3-8j\">\n<div class=\"_4bl9\">\n<div class=\"text_exposed_root text_exposed\"><span style=\"font-family: helvetica,arial,sans-serif;\">Adres:<\/span><\/div>\n<div class=\"text_exposed_root text_exposed\"><span style=\"font-family: helvetica,arial,sans-serif;\">Poto\u0142\u00f3wek 11D (Gmina Byto\u0144).<\/span><\/div>\n<div class=\"text_exposed_root text_exposed\"><span style=\"font-family: helvetica,arial,sans-serif;\"> Zobacz lokalizacj\u0119 na mapach Google&nbsp;<span style=\"color: #3366ff;\"><a style=\"color: #3366ff;\" href=\"https:\/\/goo.gl\/maps\/r2uT7YcUWt12\"> https:\/\/goo.gl\/maps\/r2uT7YcUWt12<\/a><\/span><\/span><br \/>\n<span style=\"font-family: helvetica,arial,sans-serif;\"> ??200 km od Warszawy<\/span><br \/>\n<span style=\"font-family: helvetica,arial,sans-serif;\"> ??140 km od \u0141odzi<\/span><br \/>\n<span style=\"font-family: helvetica,arial,sans-serif;\"> ??150 km od Poznania<\/span><br \/>\n<span style=\"font-family: helvetica,arial,sans-serif;\"> <a href=\"https:\/\/goo.gl\/maps\/r2uT7YcUWt12\"><img decoding=\"async\" loading=\"lazy\" class=\"wp-image-226 size-full alignleft\" src=\"http:\/\/sielankowydomek.pl\/wp-content\/uploads\/2017\/03\/hn.png\" alt=\"\" width=\"573\" height=\"442\" srcset=\"https:\/\/sielankowydomek.pl\/wp-content\/uploads\/2017\/03\/hn.png 573w, https:\/\/sielankowydomek.pl\/wp-content\/uploads\/2017\/03\/hn-300x231.png 300w\" sizes=\"(max-width: 573px) 100vw, 573px\" \/><\/a><\/span><\/div>\n<\/div>\n<\/div>\n<p>&nbsp;<\/p>\n","protected":false},"excerpt":{"rendered":"<p>Adres: Poto\u0142\u00f3wek 11D (Gmina Byto\u0144). Zobacz lokalizacj\u0119 na mapach Google&nbsp; https:\/\/goo.gl\/maps\/r2uT7YcUWt12 ??200 km od Warszawy ??140 km od \u0141odzi ??150 km od Poznania &nbsp;<\/p>\n","protected":false},"author":2,"featured_media":236,"parent":0,"menu_order":0,"comment_status":"closed","ping_status":"closed","template":"","meta":{"ngg_post_thumbnail":0},"_links":{"self":[{"href":"https:\/\/sielankowydomek.pl\/index.php?rest_route=\/wp\/v2\/pages\/209"}],"collection":[{"href":"https:\/\/sielankowydomek.pl\/index.php?rest_route=\/wp\/v2\/pages"}],"about":[{"href":"https:\/\/sielankowydomek.pl\/index.php?rest_route=\/wp\/v2\/types\/page"}],"author":[{"embeddable":true,"href":"https:\/\/sielankowydomek.pl\/index.php?rest_route=\/wp\/v2\/users\/2"}],"replies":[{"embeddable":true,"href":"https:\/\/sielankowydomek.pl\/index.php?rest_route=%2Fwp%2Fv2%2Fcomments&post=209"}],"version-history":[{"count":14,"href":"https:\/\/sielankowydomek.pl\/index.php?rest_route=\/wp\/v2\/pages\/209\/revisions"}],"predecessor-version":[{"id":411,"href":"https:\/\/sielankowydomek.pl\/index.php?rest_route=\/wp\/v2\/pages\/209\/revisions\/411"}],"wp:featuredmedia":[{"embeddable":true,"href":"https:\/\/sielankowydomek.pl\/index.php?rest_route=\/wp\/v2\/media\/236"}],"wp:attachment":[{"href":"https:\/\/sielankowydomek.pl\/index.php?rest_route=%2Fwp%2Fv2%2Fmedia&parent=209"}],"curies":[{"name":"wp","href":"https:\/\/api.w.org\/{rel}","templated":true}]}}