{"id":80,"date":"2017-03-23T13:49:16","date_gmt":"2017-03-23T13:49:16","guid":{"rendered":"http:\/\/sielankowydomek.pl\/?page_id=80"},"modified":"2019-02-09T13:16:37","modified_gmt":"2019-02-09T13:16:37","slug":"jezioro-i-okolice","status":"publish","type":"page","link":"https:\/\/sielankowydomek.pl\/?page_id=80","title":{"rendered":"JEZIORO I OKOLICE"},"content":{"rendered":"<p><span style=\"font-family: helvetica, arial, sans-serif; font-size: 12pt;\">Szukali\u015bmy miejsca na wsi, w\u015br\u00f3d p\u00f3\u0142, \u0142\u0105k i lasu, blisko jeziora, gdzie mogliby\u015bmy wyrywa\u0107 si\u0119 cho\u0107 na chwil\u0119 ze zgie\u0142ku p\u0119dz\u0105cego miasta.<\/span><\/p>\n<p><span style=\"font-family: helvetica, arial, sans-serif; font-size: 12pt;\">Miejsca, gdzie po przebudzeniu s\u0142ycha\u0107 \u015bpiew ptak\u00f3w, a podczas porannych spacer\u00f3w wida\u0107 przebiegaj\u0105ce dzikie sarny i zaj\u0105ce&#8230;<\/span><\/p>\n<p><span style=\"font-family: helvetica, arial, sans-serif; font-size: 12pt;\">Znale\u017ali\u015bmy Poto\u0142\u00f3wek na Kujawach, przy jednym z najwi\u0119kszych i najczystszych jezior w tym rejonie z pi\u0119knymi polami mak\u00f3wki i chabr\u00f3w. To tu mamy zaprzyja\u017anion\u0105 pasiek\u0119 z najlepszym ever miodem i plantacj\u0119 <span class=\"text_exposed_show\">bor\u00f3wek oraz malin z pysznymi d\u017cemami i sokami. To tu latem pluskamy si\u0119 w jeziorze i \u0142apiemy promienie s\u0142o\u0144ca, a wczesn\u0105 jesieni\u0105 w\u0119dkujemy i buszujemy po lesie w poszukiwaniu grzyb\u00f3w.<\/span><\/span><\/p>\n<p><span style=\"font-family: helvetica,arial,sans-serif; font-size: 12pt;\">Zapraszamy do naszego magicznego miejsca \ud83d\ude42<\/span><\/p>\n<p><span style=\"font-family: helvetica, arial, sans-serif; font-size: 12pt;\"><a href=\"http:\/\/sielankowydomek.pl\/wp-content\/uploads\/2019\/02\/est.-20003.jpg\"><img decoding=\"async\" loading=\"lazy\" class=\"aligncenter wp-image-490 size-full\" src=\"http:\/\/sielankowydomek.pl\/wp-content\/uploads\/2019\/02\/est.-20003.jpg\" alt=\"\" width=\"1024\" height=\"768\" srcset=\"https:\/\/sielankowydomek.pl\/wp-content\/uploads\/2019\/02\/est.-20003.jpg 1024w, https:\/\/sielankowydomek.pl\/wp-content\/uploads\/2019\/02\/est.-20003-300x225.jpg 300w, https:\/\/sielankowydomek.pl\/wp-content\/uploads\/2019\/02\/est.-20003-768x576.jpg 768w\" sizes=\"(max-width: 1024px) 100vw, 1024px\" \/><\/a><\/span><a href=\"http:\/\/sielankowydomek.pl\/wp-content\/uploads\/2019\/02\/est.-20006.jpg\"><img decoding=\"async\" loading=\"lazy\" class=\"aligncenter wp-image-495 size-full\" src=\"http:\/\/sielankowydomek.pl\/wp-content\/uploads\/2019\/02\/est.-20006.jpg\" alt=\"\" width=\"1024\" height=\"768\" srcset=\"https:\/\/sielankowydomek.pl\/wp-content\/uploads\/2019\/02\/est.-20006.jpg 1024w, https:\/\/sielankowydomek.pl\/wp-content\/uploads\/2019\/02\/est.-20006-300x225.jpg 300w, https:\/\/sielankowydomek.pl\/wp-content\/uploads\/2019\/02\/est.-20006-768x576.jpg 768w\" sizes=\"(max-width: 1024px) 100vw, 1024px\" \/><\/a><\/p>\n","protected":false},"excerpt":{"rendered":"<p>Szukali\u015bmy miejsca na wsi, w\u015br\u00f3d p\u00f3\u0142, \u0142\u0105k i lasu, blisko jeziora, gdzie mogliby\u015bmy wyrywa\u0107 si\u0119 cho\u0107 na chwil\u0119 ze zgie\u0142ku p\u0119dz\u0105cego miasta. Miejsca, gdzie po przebudzeniu s\u0142ycha\u0107 \u015bpiew ptak\u00f3w, a podczas porannych spacer\u00f3w wida\u0107 przebiegaj\u0105ce dzikie sarny i zaj\u0105ce&#8230; Znale\u017ali\u015bmy Poto\u0142\u00f3wek na Kujawach, przy jednym z najwi\u0119kszych i najczystszych jezior w tym rejonie z pi\u0119knymi [&hellip;]<\/p>\n","protected":false},"author":2,"featured_media":460,"parent":0,"menu_order":0,"comment_status":"closed","ping_status":"closed","template":"","meta":{"ngg_post_thumbnail":0},"_links":{"self":[{"href":"https:\/\/sielankowydomek.pl\/index.php?rest_route=\/wp\/v2\/pages\/80"}],"collection":[{"href":"https:\/\/sielankowydomek.pl\/index.php?rest_route=\/wp\/v2\/pages"}],"about":[{"href":"https:\/\/sielankowydomek.pl\/index.php?rest_route=\/wp\/v2\/types\/page"}],"author":[{"embeddable":true,"href":"https:\/\/sielankowydomek.pl\/index.php?rest_route=\/wp\/v2\/users\/2"}],"replies":[{"embeddable":true,"href":"https:\/\/sielankowydomek.pl\/index.php?rest_route=%2Fwp%2Fv2%2Fcomments&post=80"}],"version-history":[{"count":27,"href":"https:\/\/sielankowydomek.pl\/index.php?rest_route=\/wp\/v2\/pages\/80\/revisions"}],"predecessor-version":[{"id":496,"href":"https:\/\/sielankowydomek.pl\/index.php?rest_route=\/wp\/v2\/pages\/80\/revisions\/496"}],"wp:featuredmedia":[{"embeddable":true,"href":"https:\/\/sielankowydomek.pl\/index.php?rest_route=\/wp\/v2\/media\/460"}],"wp:attachment":[{"href":"https:\/\/sielankowydomek.pl\/index.php?rest_route=%2Fwp%2Fv2%2Fmedia&parent=80"}],"curies":[{"name":"wp","href":"https:\/\/api.w.org\/{rel}","templated":true}]}}